29383 composite?
False
Is 493698937 a prime number?
True
Is 52131935551 a composite number?
False
Is 15734305651 a composite number?
True
Is 2948183971 a composite number?
False
Is 581535257 composite?
False
Is 22180042823 composite?
False
Is 4217525353 a composite number?
False
Is 586565047 prime?
False
Is 1299578983 a composite number?
True
Is 134369611 a prime number?
False
Is 2630732879 a prime number?
False
Is 340546397 a composite number?
True
Is 8597265421 prime?
False
Is 47398715587 a prime number?
True
Is 980344511 composite?
False
Is 1490741717 a composite number?
False
Is 590901037 a composite number?
False
Is 290721697907 a composite number?
True
Is 10681414031 prime?
False
Is 583103201 a composite number?
False
Is 96738329 a composite number?
True
Is 41678398943 prime?
False
Is 9445645583 a composite number?
True
Is 9471200737 a prime number?
True
Is 94012199 prime?
True
Is 2262431557 a prime number?
True
Is 1648968229 a composite number?
False
Is 524906051 a prime number?
True
Is 5974362497 a composite number?
False
Is 1286933581 a prime number?
False
Is 304463917 prime?
True
Is 50516799211 a composite number?
False
Is 1798292289 composite?
True
Is 44559113 a composite number?
True
Is 7781048729 a composite number?
False
Is 10894921 composite?
False
Is 40969457393 a composite number?
True
Is 11393405 prime?
False
Is 2540890927 composite?
False
Is 768150727 composite?
False
Is 47924227709 a prime number?
True
Is 5592722921 a prime number?
True
Is 4878061373 a composite number?
False
Is 1398312941 a composite number?
True
Is 276753017 a composite number?
True
Is 4410437455 composite?
True
Is 4394730853 a prime number?
True
Is 15597911743 a composite number?
True
Is 46414067363 composite?
False
Is 13416514711 prime?
False
Is 475552631 composite?
True
Is 1265079631 a composite number?
True
Is 2376735407 a prime number?
True
Is 23329843 a prime number?
False
Is 67904082457 a composite number?
False
Is 264526571 a composite number?
True
Is 4214459279 prime?
True
Is 14820320149 a composite number?
False
Is 7843796017 prime?
False
Is 2493965645 composite?
True
Is 10367057 a composite number?
True
Is 77087731841 a composite number?
False
Is 10652862377 prime?
False
Is 95082725209 composite?
True
Is 2030059781 a prime number?
False
Is 2690923681 composite?
False
Is 1061276737 composite?
False
Is 702803839 a composite number?
True
Is 2213184007 a composite number?
False
Is 6203446399 prime?
False
Is 12995603461 prime?
True
Is 39679328803 a composite number?
False
Is 57225865943 prime?
True
Is 32595573041 a composite number?
True
Is 4045293971 composite?
True
Is 47062751497 prime?
True
Is 13786351013 prime?
False
Is 29778864413 prime?
True
Is 1940654717 a composite number?
True
Is 2993236723 prime?
True
Is 125656873 composite?
False
Is 108612971761 prime?
False
Is 8352756379 a composite number?
True
Is 13373873527 composite?
True
Is 12345895559 a composite number?
False
Is 962117581 a prime number?
False
Is 914666957 composite?
False
Is 7572731239 composite?
True
Is 630334891 a composite number?
True
Is 1333150307 composite?
True
Is 45415830937 a composite number?
True
Is 33892293427 composite?
False
Is 118673516743 prime?
True
Is 12162786737 a prime number?
False
Is 44518727091 prime?
False
Is 104725211 a composite number?
False
Is 13093847329 prime?
True
Is 9518371439 a composite number?
True
Is 3424627 a prime number?
False
Is 251819723 composite?
True
Is 8484610907 prime?
True
Is 743615009 composite?
True
Is 1114323649 composite?
True
Is 3596080421 prime?
False
Is 9065948407 a composite number?
True
Is 8733698221 a prime number?
False
Is 281321189 prime?
True
Is 304687759 a prime number?
True
Is 423663179 a prime number?
True
Is 105684791 prime?
True
Is 395546417 a composite number?
True
Is 10449310901 composite?
True
Is 6956832989 a prime number?
False
Is 31372927 prime?
True
Is 3103928419 a prime number?
True
Is 105917879 a composite number?
False
Is 1491664753 a prime number?
False
Is 593412565 prime?
False
Is 412453949 a composite number?
True
Is 6479245457 a composite number?
True
Is 161820227 a composite number?
True
Is 3169629461 composite?
False
Is 48807563 prime?
False
Is 2006299069 composite?
False
Is 3690720091 a prime number?
True
Is 13125230359 a prime number?
False
Is 440545213 composite?
False
Is 22736289 prime?
False
Is 47809130069 a prime number?
False
Is 648965491 a composite number?
False
Is 20943172043 a prime number?
False
Is 153047309653 a composite number?
True
Is 637159247 a composite number?
False
Is 659624047 prime?
False
Is 12278703553 composite?
False
Is 6544551373 a prime number?
False
Is 208400179 composite?
True
Is 7547677139 prime?
False
Is 21864858377 prime?
True
Is 3447813637 a composite number?
True
Is 29379352789 a prime number?
False
Is 2011058267 prime?
False
Is 1665552223 composite?
False
Is 38805252995 a prime number?
False
Is 3010868897 prime?
False
Is 44521217401 prime?
True
Is 3305899631 a composite number?
True
Is 52800481 a prime number?
True
Is 2210043839 a composite number?
False
Is 2931629231 a prime number?
True
Is 2540827187 a composite number?
False
Is 171721559 composite?
False
Is 18661833017 composite?
False
Is 452855939 prime?
True
Is 34165483817 a prime number?
False
Is 37630608677 a composite number?
True
Is 5843882537 a composite number?
True
Is 7015247045 a prime number?
False
Is 212123317111 prime?
False
Is 438291514 prime?
False
Is 351045127 a prime number?
True
Is 923545619 a prime number?
True
Is 51589735721 a prime number?
True
Is 49101708043 composite?
True
Is 566109119 prime?
True
Is 2425260011 a composite number?
False
Is 120915299 composite?
True
Is 87321035387 a prime number?
True
Is 413643567157 a composite number?
False
Is 638135011 composite?
True
Is 269903563231 composite?
False
Is 32601333433 a prime number?
True
Is 30824645 a prime number?
False
Is 51646274413 composite?
False
Is 1019664749 composite?
False
Is 223384431 composite?
True
Is 907144963 prime?
False
Is 4124950631 a prime number?
True
Is 60853376603 a prime number?
True
Is 12885426847 a prime number?
False
Is 1058088761 a composite number?
False
Is 466644859 a composite number?
False
Is 12287468579 a composite number?
False
Is 15274622497 composite?
True
Is 5725353029 a prime number?
False
Is 10440918151 composite?
False
Is 9612748351 a composite number?
False
Is 151772249297 a prime number?
True
Is 37509626515 a composite number?
True
Is 393281843 prime?
False
Is 897856483 a composite number?
False
Is 3103935427 prime?
False
Is 364952981479 a composite number?
False
Is 253328893 prime?
True
Is 376359877 composite?
True
Is 2687090641 a composite number?
True
Is 17145220273 a prime number?
False
Is 3991825417 a composite number?
False
Is 4683387827 a composite number?
True
Is 1000909079 a prime number?
True
Is 27131265961 prime?
True
Is 117049624999 composite?
True
Is 9903030169 prime?
True
Is 8342053367 prime?
True
Is 1350193073 prime?
False
Is 11317207651 prime?
True
Is 1069679483 composite?
True
Is 13310465473 prime?
True
Is 344579731 a prime number?
True
Is 818644841 prime?
False
Is 191256517421 a prime number?
True
Is 1065971 a prime number?
False
Is 1414862762 a composite number?
True
Is 5488774331 composite?
False
Is 4228954129 a prime number?
True
Is 1215910961 a prime number?
True
Is 183157033 prime?
False
Is 7102635703 a prime number?
True
Is 64840547 a composite number?
False
Is 1655425565 prime?
False
Is 880094711 a composite number?
True
Is 22431325279 a prime number?
False
Is 232116737 prime?
True
Is 3578186669 prime?
True
Is 62904916559 composite?
False
Is 2180568863 prime?
False
Is 31584416561 composite?
True
Is 19539868057 composite?
True
Is 3088099367 a prime number?
True
Is 7583943394 a composite number?
True
Is 1000105423 composite?
False
Is 13786890277 a composite number?
True
Is 32365419001 a composite number?
True
Is 2487807821 prime?
True
Is 686006273 a prime number?
True
Is 3281554759 prime?
False
Is 2581398161 prime?
False
Is 74928474959 composite?
True
Is 59347689101 a prime number?
True
Is 503608668851 a composite number?
False
Is 1568069813 prime?
True
Is 1779879359 a composite number?
True
Is 71559937 a composite number?
False
Is 5378054543 a prime number?
True
Is 866637